2) - 6) + -3 + 7.
16
(1 - (-1 - -5) - 0) + (4 - 2)
-1
10 - ((22 - 10) + 12)
-14
Calculate (-8 - -3) + (42 - 28).
9
What is (41 - -29) + -25 + -20?
25
Evaluate 6 - 8 - ((-15 - -7) + 1).
5
-10 + 15 - (-8 + (22 - 12))
3
Calculate (-22 - -26 - (-5 + 4 + -3)) + 6.
14
Evaluate -40 + (-18 - -16) + 21.
-21
What is -14 - (1 + 4 + (0 - 8))?
-11
Evaluate -11 + 3 - (3 + -6 - 7) - -3.
5
Calculate -1 + (-5 - (13 - 26)) + -4 + 1.
4
What is the value of 0 + -3 - 2 - (-15 + -1 + 8)?
3
-1 + 0 + 1 - (97 + (24 - 121))
0
(-3 - 10 - -5) + (4 - -15)
11
What is 2 - (-10 - (-2 - -1))?
11
Calculate -54 - ((-69 - -7) + 26).
-18
Calculate 7 + -6 - (4 - 13).
10
What is (-9 - ((-14 - -2) + 4)) + 13?
12
7 + (-4 - 2) + (3 - -3) + -7
0
15 - (49 - (16 - 2))
-20
Calculate -2 - -7 - (-35 + 32 + 2 + 15).
-9
13 + 10 + -12 + 6 + -39
-22
What is the value of (-24 - -12 - -11) + -23?
-24
What is -26 + 0 + (42 - 20)?
-4
Evaluate (-3 - 9) + 7 - (2 - 2 - 2).
-3
Evaluate (-206 - -216) + (4 + -2 - 13).
-1
Calculate (-12 - (-3 + -14)) + 1 + -3 + 0.
3
(3 - -4) + (-1 - 10 - -5)
1
Evaluate (-16 - -20) + 2 + (-4 - (-1 - 1)).
4
Calculate -11 + (-15 - (22 + -51)).
3
Evaluate -25 + (-2 - 4) + 13 + -3.
-21
What is the value of -3 - ((-1 - (-2 + 4)) + 8 - -3)?
-11
What is (61 - 40 - 20) + 13 + 2?
16
What is 12 + (7 - 11) - 0?
8
Calculate -9 - -17 - (-6 - -4) - (2 - -1).
7
Evaluate 2 + (0 - (-10 + 3) - -13) + -7.
15
7 + -1 + (1901 - 1931)
-24
Calculate 0 + -2 + 9 + (-3 - (6 - 11)).
9
What is the value of -29 + (0 + 0 - -15)?
-14
What is -9 + 2 + 8 + -9?
-8
What is the value of (37 - (-9 - -36)) + -12 + 1?
-1
What is 1 + 24 + (-99 - -84)?
10
Calculate (1 - (3 - 4)) + 6 + 15.
23
What is 4 + (-34 - -40) + -11 + -2?
-3
What is the value of (-8 - 10) + -8 + (11 + -5 - -6)?
-14
What is the value of -11 + -4 + 8 + 3?
-4
(-4 - (-5 + 16)) + (1 - (-1 - 4))
-9
Calculate -19 + (-4 - -21) + 6 - (30 - -1).
-27
Evaluate 2 - 6 - (-26 + 31 + -7).
-2
What is the value of 17 + -16 + 26 + -4 + -29?
-6
Calculate (0 - -8) + (-10 - -29 - (2 + 11)).
14
(-16 - (-4 - 6)) + 12 - 1
5
Evaluate 562 + -540 + (-1 - (11 - 0)).
10
What is (3 - 1) + (9 - 11)?
0
(1 - -2) + (12 - 26) + -12
-23
What is the value of 27 - (24 + 9 - 16)?
10
Evaluate 0 - -25 - (-50 - (-38 - 8)).
29
Calculate -610 + 608 + -20 + 1 + 0.
-21
What is the value of (2 - 11 - -2) + (312 - 297) - -5?
13
What is the value of -8 + 3 + -1 + -13 + 11 + -2?
-10
What is the value of 52 + -41 + -3 + 6?
14
(-12 - (0 + 6)) + 5
-13
Calculate (-320 - -310) + 0 + -1.
-11
-13 + 17 + (14 - 12)
6
Evaluate (-12 + -10 - -18) + -4.
-8
What is 42 + -107 + 51 + 41 + -1?
26
What is 76 + -69 - (-2 - (-2 - -16))?
23
-20 + (0 - 0 - -10) + (-6 - 0)
-16
What is the value of 9 - 2 - (-97 + 125 - (-2 - -5))?
-18
Calculate 11 - 1 - (-29 - -40).
-1
Calculate (-6 + 1 - -4) + -4 + (30 - 1).
24
Evaluate (71 - 67) + (3 + -5 - 3) + 19.
18
What is 11 + (-5 - 7 - (3 + -11 + 15))?
-8
What is (1 - 6) + -3 + 4 + -2 + -1?
-7
What is the value of 0 + -5 + -12 - -6?
-11
Evaluate 29 + -21 + (2 - 9) - (18 + 0).
-17
What is 14 + -25 + (38 - (5 + 3))?
19
Evaluate -2 + (-48 + 44 - (5 - 0)).
-11
What is (5 - (3 - (3 - 1) - -4)) + 12?
12
What is 12 - 18 - (-35 + 20)?
9
What is -11 - (23 - 38) - 25?
-21
Calculate -4 - (4 - (0 + -6 + 17) - 4).
7
What is 3 + -9 + 1 + (10 - (6 + 5))?
-6
Evaluate 10 + -1 - (-6 - (-5 + -24)).
-14
What is the value of -14 - (-25 - 7 - -1) - (-5 - -8)?
14
What is the value of -4 + 14 + -2 + -6?
2
What is (4 - 4 - 6) + -9 + 23 + -1?
7
What is the value of 570 - 569 - (-1 + 4)?
-2
Calculate 5 - (-7 - (-10 - 5)).
-3
What is the value of 23 + (1 - (-3 - -22))?
5
What is the value of 5 + -3 - ((2 - -14) + (-9 - -3))?
-8
Evaluate 2 + 24 + -115 + 68.
-21
Calculate 87 - 109 - (-2 + -32).
12
What is 1 + -12 + 3 + (-45 - -46)?
-7
-24 - ((2 - (-13 + 28)) + 11)
-22
What is 16 + 50 + -68 + 4 + (-2 - -1)?
1
What is -18 - (-27 + 8) - (5 - 0)?
-4
30 + -3 - (18 + 9)
0
3 + 1 + -4 + -7
-7
Calculate (-1 - 3) + -1 + (479 - 494).
-20
What is the value of 10 + -7 - -3 - (-3 - (1 + -3))?
7
Evaluate -6 + -22 + 25 + -15.
-18
Evaluate 55 + (23 + -80 - -21).
19
Calculate 7 + (0 - -3 - (-12 - -16)).
6
What is the value of -3 + 22 + (-17 - -17) - 39?
-20
Calculate -3 - (1 - 1 - (66 + -58)).
5
What is -21 + 14 + (7 - -8)?
8
Calculate (-4 + 17 - -10) + -13.
10
What is the value of (25 - (21 - 9)) + -12 + (-10 - -14)?
5
What is (-1 - 1) + 6 + -12 + -83 + 100?
9
Calculate 22 + -12 - (4 + -3 + 30).
-21
What is the value of -6 + (2 + 0 + -10 - -17) + -19?
-16
Calculate (14 - -3) + (-6 - -2).
13
Evaluate (1 - 1) + 4 + (7 - (21 - 8)).
-2
Calculate 62 + -56 - (0 + 10) - (-1 - -4).
-7
What is the value of 21 + -31 + (1 - (-2 - -2 - 0))?
-9
What is 7 + -4 + 0 + -4 + 3 + 10?
12
What is -64 - -42 - (5 - 36)?
9
What is the value of (-6 - (-16 - -16)) + (12 - -1) - -2?
9
What is the value of 1 + -1 + -21 + 12?
-9
Calculate 1 - 3 - (-3 - (-13 - (-16 - -11))).
-7
Evaluate 3 + (-7 - (-38 - -20)).
14
Evaluate -14 - ((-2 - 11) + 11).
-12
What is -1 - 8 - -5 - -15 - (-1 - -4)?
8
What is 6 - (8 + 8 + -20)?
10
Calculate -7 + (22 - 53) + 15.
-23
Evaluate (20 + -17 - 2) + 1 + 10.
12
-8 + 2 - (231 + -227 + -3 + 1)
-8
What is the value of 9 + -2 - (-1 + -2 - (75 - 73))?
12
19 + -13 - -7 - 26
-13
What is -23 - (-16 - (11 + -5 + -16))?
-17
Calculate -5 + -4 + 18 + 3 + -8 + 7.
11
What is -79 - -88 - ((2 - -12 - 3) + -3)?
1
Evaluate 1 - (18 - (-1 - (3 + (-9 - -4)))).
-16
What is 23 + 18 + -31 + -6?
4
What is 5 + 1 - (222 + -233)?
17
Evaluate -18 - (14 - 27) - (-1 - -12).
-16
What is the value of -1092 + 1083 + (7 - (1 - (0 + 3)))?
0
Calculate 4 - -1 - (-28 + 25).
8
What is -117 + 109 - (-21 + (2 - 0))?
11
Evaluate (4 - 32 - -23) + (-3 - 14).
-22
-8 + 27 + -24 + 6 + -2 - 9
-10
-15 - -10 - -3 - (-2 + 3)
-3
20 + 1 - 17 - (-31 - -1)
34
What is 74 + -63 + -1 + -2 + -2 + -33?
-27
Evaluate -3 - (5 - 2 - (3 + -3 - -11)).
5
(12 - 1) + 36 + -20 + -21
6
What is the value of ((12 - 9) + -8 - -5) + (5 - -2)?
7
Calculate -6 - -21 - (-3 - -6).
12
What is the value of 6 + (-7 - ((4 + -10 - 3) + 8))?
0
-30 + (6 - -25) + 19
20
Calculate -11 + (7 - 19) + 24.
1
Evaluate -6 + 0 - (-1720 + 1690).
24
Calculate -2 + 6 - (13 + -3 + -15).
9
Calculate -2 + 7 + (2 - 14) + -1.
-8
Calculate (-9 + (6 - 2) - -1) + -2.
-6
Evaluate 1 + (4 - (2 - 2) - 3) + -5.
-3
What is 1 + 34 - (73 - (68 - 8))?
22
-14 + -3 + (-11 - (-9 + 0 + 0))
-19
Evaluate 0 + (-7 + 37 - 3) - -4.
31
What is (-1 - -17 - (-41 - -46)) + 14?
25
Calculate 27 + 1 + 46 + -54 - (19 + -13).
14
Evaluate -483 - -491 - (16 - (1 + 0)).
-7
What is the value of (24 - -6) + (-3 - -2) + -11?
18
(-13 - -1) + 3 - (-23 + 14)
0
Evaluate (41 - 68) + 34 - (0 - -9).
-2
Evaluate -2768 + 2761 + (-1 - (1 - -6)).
-15
20 + -40 + 8 + 21
9
Evaluate -39 - 0 - (-174 + 150).
-15
-19 - 16 - (-92 - -82)
-25
(-12 + 9 - (2 - -12)) + 8
-9
Evaluate -2 - ((-4 - 3) + (30 - 20)).
-5
Evaluate -4 + (-5 - 2) + 1.
-10
What is 31 + (-23 + 7 - -3)?
18
Calculate 5 - (3 - 8 - -5).
5
Calculate -20 + 3 - (12 + -27).
-2
What is 1 + (-1 + -1 + 3 - (15 - 6))?
-7
-10 - ((-36 - -21) + 4)
1
-5 + (10 - 15) + (3 - 6)
-13
Calculate -2 + -8 + 17 + 2 + -9.
0
(26 - -4 - 28 - (-1 - -4)) + 17
16
Calculate -10 - (16 + -4 + -14 + 22).
-30
What is the value of 21 - (-18 - (2 - 31))?
10
What is 14 + (-3 - -4) - (40 + -33)?
8
Evaluate 10 - 5 - (-4 + 9 - (0 - -7)).
7
What is 5 + -10 - (7 - (4 + (-8 - -9)))?
-7
-289 + 279 - (6 + -2 + 0)
-14
Calculate -5 + -9 + 8 + (-18 - (8 - 16)).
-16
Evaluate (25 - -1 - -4) + (-17 - -6 - -13).
32
Evaluate (1 - 7) + (1 - -5 - 4) + -4.
-8
Evaluate -6 - (-23 - -31 - 24).
10
-19 + -4 + 38 + -31
-16
What is the value of (10 - (-7 + 19)) + 5?
3
Calculate 13 + -2 + (32 - 45).
-2
Evaluate -5 + (-13 - -4 - -6).
-8
Evaluate -10 + (7 - (15 + -3 - -4)).
-19
What is (1 - 7 - 3) + (6 - -20)?
17
What is 15 + (6 + -2 - (-19 + (39 - 12)))?
11
What is 0 + -1 + (-13 - -10 - (-16 - 0))?
12
What is the value of -16 - (-4 - 6 - (-7 - -4 - 4))?
-13
Calculate (-16 - -12) + 34 + -58.
-28
What is the value of (56 + -47 + (-6 - 0) - -2) + 6?
11
What is -6 - ((2 - -3) + -3 + -4 + -13)?
9
(-6 - (2 - 28)) + 7 + -9
18
What is the value of (-6 + 3 - 5) + -4 + (2 - 1)?
-11
Evaluate -33 + -2 + -4 + -3 - -13.
-29
What is the value of 71 + 7 + -60 - (3 + 0 + -1)?
16
Calculate -47 